. Calculate the remainder when r(0) is divided by (-14)/(-2)*d/(-21).
5
Suppose -41*b - 152 = -1546. What is the remainder when b is divided by 18?
16
Let z = 155 - 146. Let i = -16 - -31. What is the remainder when i is divided by z?
6
Suppose q + 2*t = 4, -2*q - 3*t - 21 = -33. Let f(v) = 8*v - 2. What is the remainder when f(6) is divided by q?
10
Let c = 35 - 24. Suppose -2*i + 7 = -c. What is the remainder when 44 is divided by i?
8
Suppose 4*s - 284 - 176 = 0. Suppose 2*x = -3*x + s. What is the remainder when 42 is divided by x?
19
Suppose 3*l = 2*t - 17, 5*t + 8*l - 5*l - 53 = 0. What is the remainder when 110 is divided by t?
0
Suppose -18*y + 9 = -171. What is the remainder when y is divided by 3?
1
Suppose 365 = 5*h - 5*t, 0 = h - 2*t - 40 - 38. What is the remainder when h is divided by 26?
16
Suppose -s + 2*s - 3 = 0. Calculate the remainder when (7 - (3 - 6)) + -4 is divided by s.
0
What is the remainder when (-18)/(-10)*18540/108 is divided by 19?
5
Let f = 1366 + -1358. What is the remainder when 758 is divided by f?
6
Let i = -104 - -248. Let v = i - 95. Calculate the remainder when v is divided by 10.
9
Let x = 1312 + -1255. What is the remainder when x is divided by 2/(-3)*(-51)/2?
6
Suppose 4*q - 76 = 2*u, -3*q + 0*u = -2*u - 59. Let o = 23 - q. Let b = o + 24. What is the remainder when 87 is divided by b?
27
Let g(s) = -s**2 - 7*s - 1. Let q = -2 - 3. What is the remainder when 49/14*-17*8/(-28) is divided by g(q)?
8
Let k(h) = h**3 + 5*h**2 + h - 4. Let o be k(-3). What is the remainder when (-4)/18 - (-191)/9 is divided by o*((-7)/(-6) - (-6)/(-36))?
10
Suppose -6*z + 51 = -63. Calculate the remainder when 73 is divided by z.
16
Suppose -195 = 3*l - 8*l. Suppose s = k + 58 - 252, -4*k = -s - 770. Calculate the remainder when k is divided by l.
36
Let h = -987 - -1152. What is the remainder when 2307 is divided by h?
162
Suppose 20*k = 17*k - 3*p + 315, -5*k - 3*p + 531 = 0. What is the remainder when 260 is divided by k?
44
Suppose -2*l + u + 57 = 0, l + u + 29 = 2*l. Let p = 31 - l. Calculate the remainder when 3 is divided by p.
0
Let a(g) = -g**2 + 10*g + 2. Let p be (-19 - -4)*(-27)/15. Let d = p + -23. What is the remainder when a(9) is divided by d?
3
Suppose -798 = 26*k - 40*k. What is the remainder when 279 is divided by k?
51
Let d(k) = k**3 - 21*k**2 + 56*k - 7. Calculate the remainder when 142 is divided by d(18).
26
Let l(q) be the third derivative of -q**4/8 - q**3/3 - q**2. Suppose -2*z + 4*z - 74 = 0. What is the remainder when z is divided by l(-7)?
18
Let f = 16 - -1. Let d = f - 10. Suppose d = c - 7. Calculate the remainder when 26 is divided by c.
12
Suppose -25*l + 1675 = -100. What is the remainder when l is divided by 25?
21
Let d(y) = y**2 + 9*y + 3. Let s be d(-9). Suppose -2*k = -4*x - 30, -s*x + 36 = 3*k - 0*x. Suppose -8 - 1 = -3*c. What is the remainder when k is divided by c?
1
Let n = -27 + 151. Suppose 7*b - 5*b - n = 0. Calculate the remainder when b is divided by 8.
6
Suppose -14*d + 11*d + 174 = 0. What is the remainder when 169 is divided by d?
53
Let g = -3109 + 3116. Let h(i) = -2*i + 9 + 8 + i. What is the remainder when 19 is divided by h(g)?
9
Suppose -k - 45*z + 48*z + 103 = 0, 0 = -4*k - z + 425. What is the remainder when k is divided by 102?
4
Suppose -43 = -10*n + 27. Let d(k) = 5*k - 1. Let q(z) = -4*z. Let c(x) = -3*d(x) - 4*q(x). What is the remainder when c(10) is divided by n?
6
Let v = -1868 + 1886. What is the remainder when v is divided by 18?
0
Let p(h) = 3*h + 66. Let x be p(-21). Suppose -3*q + x*f = -9, -5*q + 2*q - 4*f = -37. What is the remainder when 2/(-8) - (-101)/4 is divided by q?
4
Let i = 22 - 20. Suppose -i*n = 109 - 411. Suppose 5 + 20 = -5*y, 4*g = -y + n. Calculate the remainder when g is divided by 21.
18
Let v(n) = 2*n + 24. Let w = 15 + -10. Suppose 0*a = w*a - 60. Calculate the remainder when a is divided by v(-10).
0
Suppose -4*a = -6*a + 172. Let b = 106 - a. Calculate the remainder when 117 is divided by b.
17
Let k be ((-40)/25)/(2/(-50)). Let h = -35 - k. Let o = h + 108. What is the remainder when o is divided by 9?
6
Let u(v) = 103*v**2 + 13*v - 11. Calculate the remainder when u(1) is divided by 56.
49
Suppose 0 = -5*z - z + 258. What is the remainder when 84 is divided by z?
41
Let h = 37 + -45. What is the remainder when (3*-6)/(12/h) is divided by 5?
2
Suppose -28*u - 10 = -30*u. Calculate the remainder when 9 is divided by u.
4
What is the remainder when (12/(-9))/((-12)/1908) + -7 is divided by 42?
37
Suppose -3*b = -2*l + 2*b + 62, 3*l + b - 93 = 0. Suppose -3*j + l - 13 = 0. Calculate the remainder when 17 is divided by j.
5
Let u = -46 - -51. Suppose -75 = -u*y + 130. Suppose 9*m - 70 = 4*m. Calculate the remainder when y is divided by m.
13
Suppose 12*w = 5*t + 14*w - 226, -w + 91 = 2*t. Calculate the remainder when 273 is divided by t.
9
Suppose -3*u - 888 = 5*q - 2107, -3*q - 4*u + 727 = 0. Calculate the remainder when q is divided by 70.
35
Suppose 3*a = 10 + 23. What is the remainder when 264/9 - (-2)/3 is divided by a?
8
Suppose 2*k = 5*d - 17, -d - d + 1 = 5*k. Let y = 4 + d. Suppose -4*u + 124 = -4*j, -5*j + 0*j = u - 7. What is the remainder when u is divided by y?
6
Let o(w) = -13*w - 219. Calculate the remainder when 364 is divided by o(-24).
85
Let l = -25 + 26. Suppose 5 = -h - 4*f - 14, 4*h + f = -l. Let s = 1 + h. Calculate the remainder when 7 is divided by s.
1
Suppose 17*i + 496 = 33*i. Let b(v) = -6*v**3 - v. Calculate the remainder when i is divided by b(-1).
3
Suppose 132 = -3*i - i - 5*h, -i - 44 = 4*h. What is the remainder when 720/21 - (-8)/i is divided by ((-2)/12 - 110/(-120))*12?
7
Let t(v) = 15*v - 47. What is the remainder when t(12) is divided by 15?
13
Suppose -5*a - 3*y - 14 = 0, 2*a + y + 14 = -3*y. Let c(u) = -u**3 + u**2. Let w be c(a). Calculate the remainder when 73 is divided by -2 + w + 1 - -18.
16
Suppose -2*i + 236 = 2*i. Suppose 4*b - i = -4*h + h, 23 = 3*b - 2*h. What is the remainder when ((-86)/6)/((15/9)/(-5)) is divided by b?
10
Suppose -2*o + 91 = -4*f + 25, o - 37 = 3*f. Calculate the remainder when 247 is divided by o.
22
Suppose -l + 2 = 3*f, -3 - 3 = f - 3*l. Suppose 0 = -f*t - t + 17. Let k = 32 + -1. Calculate the remainder when k is divided by t.
14
Let b(d) = -d**2 - d + 53. Let a(m) = m - 3. Calculate the remainder when b(0) is divided by a(14).
9
Let b = 1426 + -1420. Suppose -c + 4 = -o + 1, 12 = 4*o. Calculate the remainder when c is divided by b.
0
Suppose -r = -5*r - 5*a + 10, 2*r - 5*a = -10. Suppose x = 3*t + 2*t - 715, r = 4*t - 3*x - 583. Calculate the remainder when t is divided by 36.
34
Let k(l) = -3*l + 5. Suppose 3*r + 7 = 22. Suppose -2*x = -r*g - 11, -4 = -4*x - 4*g - 24. What is the remainder when k(x) is divided by 3?
2
Let q(m) = -m**3 - m**2 + 37*m + 2. What is the remainder when 146 is divided by q(5)?
35
Suppose -516 = -3*n + 5*w, -17*n + 2*w + 702 = -13*n. What is the remainder when n is divided by 39?
21
Suppose -3*z - 3*m + 5*m + 479 = 0, 2*z - 332 = -5*m. Calculate the remainder when z is divided by 43.
32
What is the remainder when 50 + (-2)/3 + (-99)/(-27) is divided by (-88)/(-5) - 10/(-25)?
17
Let r = -270 - -326. What is the remainder when 161 is divided by r?
49
Let s(m) = 2*m**2 - 6*m + 5. Let y be s(3). Suppose -y*k + 33 = -72. Suppose -124 = -2*g - x, 0 = 5*x - 9 - 11. Calculate the remainder when g is divided by k.
18
Let y(j) = -j**3 - 2*j**2 + 4*j - 1. Let l be (23 + (-3 - 1))/1. Let r = 33 - l. What is the remainder when y(-5) is divided by r?
12
Let x(g) = g**3 - 15*g**2 + g - 5. Let r = 91 + -76. Let q = 5 + 1. Calculate the remainder when x(r) is divided by q.
4
Let n be (26/(-3))/((-4)/(-6)). Let a = 1 - n. What is the remainder when (343/(-5) + (-2)/5)/(-1) is divided by a?
13
Let t = -27 - -132. Suppose 4*h + h = t. Suppose 0 = -0*s + 2*s - 12. What is the remainder when h is divided by s?
3
Suppose 8*x = 2075 + 765. What is the remainder when x is divided by 51?
49
Let y(v) = 2*v**2 - v + 2. Let t be y(1). Suppose -t*g = -g - 76. Calculate the remainder when g is divided by 10.
8
Suppose h - 1 = -3*z, -2*z + 7*z + 9 = h. Suppose -3*d + 5*d = 3*l - 11, -3*d - h = -2*l. What is the remainder when 3 is divided by d?
1
Suppose 